2*q - 201 = -5*m. Is q a prime number?
False
Let c(g) = -g + 12. Suppose 4*w = 13 + 35. Let x be c(w). Suppose 3*l + 5*a = 553, x*a - 4 = a. Is l prime?
True
Suppose -5*w + 4436 = -4529. Is w a composite number?
True
Let a be -3*((-16719)/63 - 4/14). Suppose -5*d + 6 = -9. Suppose d = z, -2*y + 5*z + a = 2*z. Is y a prime number?
False
Let y be 4*(-1 + -2 + 2). Is 669 - (2 - -1 - (y + 5)) composite?
True
Suppose -7 = -z + 4. Let l = z - 9. Is ((-2)/2)/l*-254 prime?
True
Suppose 0 = -2*q + 5*d - d + 22, 5*d + 23 = -2*q. Let p(g) = 459*g**3 - g**2. Let w be p(q). Let u = -315 + w. Is u a prime number?
False
Let t(a) = 725*a**2 + 11*a + 25. Is t(-2) composite?
False
Let n = -3962 - -6999. Is n a composite number?
False
Let v = -3 + 7. Suppose -s + v*s = -90. Let o = s - -73. Is o prime?
True
Let k be -1 + (-1 - (2 - 2)). Let r be 2/(-4) - (-1)/k. Let d(h) = 212*h**2 + h. Is d(r) a prime number?
True
Suppose 5*n = 3*v - 12112, 7*n + 16142 = 4*v + 4*n. Is v a composite number?
True
Let j(h) = 5*h**3 - 2*h**3 + 3*h**3 - 5*h**3 + 2*h + 6 + h**2. Let n be j(6). Suppose 2*v - n = -4*z, -3*v = 5*z + 153 - 489. Is z a composite number?
True
Let c(k) = 36 - 3*k - 122 - k. Let l(g) = -5*g - 85. Let h(t) = -4*c(t) + 3*l(t). Is h(0) a composite number?
False
Let n(o) = -o**2 - 2*o - 1. Suppose -24 = -5*f + 11. Let v be n(f). Let p = v - -117. Is p composite?
False
Suppose -45*h - 2*h + 2432579 = 0. Is h composite?
True
Let s(y) = y**2 + 8*y - 4. Let i be s(-6). Let j be ((-10)/(-3))/(i/(-456)). Suppose 4*r - 3*r - j = 0. Is r a prime number?
False
Suppose -3*i + i - 30 = -3*z, 0 = -4*i - z - 46. Let l = 585 + i. Is l a composite number?
True
Let u(c) = 10*c**3 - 14*c**2 + 34*c - 15. Is u(8) a composite number?
False
Suppose n - 3764 - 33 = 0. Is n a composite number?
False
Suppose 15 = 3*g - 0*g. Suppose g*t = t - 596. Let r = 340 + t. Is r composite?
False
Suppose o + 2593 = -0*d + d, 2*d = o + 5187. Suppose -986 = -4*f + d. Is f a prime number?
False
Let h be (130/(-25) - -5) + (-1)/(-5). Suppose 4*q = -y + 617, 0 = y - h*q - 5*q - 644. Is y a composite number?
True
Let v be (66/(-55))/((-1)/70). Let y = v - -65. Is y composite?
False
Let l be 0 - (1 + -2)*2. Is 4 - (l + 1620/(-3)) prime?
False
Suppose 2*m + 17*h - 20869 = 20*h, 0 = 4*m - 5*h - 41733. Is m a composite number?
False
Suppose -4*r = r + 35. Let b = -7 - r. Suppose 226 = -b*m + 2*m. Is m composite?
False
Is -8 + 50/5 - (-800 - 0) prime?
False
Suppose 26*j = 34*j - 623288. Is j prime?
False
Let y = -22 + 32. Let p be (-3 - y)*(3 + -32). Suppose -5*s + p + 438 = 0. Is s prime?
True
Suppose 3*w + 2*l = 25, 5*w + 2*l - 50 = -3*l. Suppose 0 = w*j - 3*j - 3766. Is j prime?
False
Suppose 4*h + 3*p - 2*p = 1058, 4*h + 4*p = 1064. Let z be 2/6*h/4. Suppose o - 1 = z. Is o a composite number?
False
Let b(t) be the third derivative of 11*t**5/60 + 5*t**4/24 - 3*t**3/2 + 4*t**2. Is b(7) prime?
False
Let j(g) = g**2 + 4*g - 1. Let u be j(-5). Let h(m) = 3*m + 20. Let s be h(-6). Suppose -s*f - q = -406, -u*f + 5*q = -711 - 129. Is f composite?
True
Let q be (1354/(-5))/(6/(-15)). Is q/(3 + (2 - 4)) a prime number?
True
Let s be -3 - 1/(4/(-56)). Let f(c) = -c + 11. Let m be f(s). Suppose -v + 179 + 210 = m. Is v a composite number?
False
Let r(x) = 975*x + 109. Is r(6) a composite number?
True
Let n(c) = c**3 - 14*c**2 - c + 18. Let w be n(14). Suppose 16 = 3*s + w. Suppose 0 = 8*a - s*a - 1484. Is a composite?
True
Let t = 72 + -42. Let z be 0*(-3 + t/9). Suppose 3*g - m = -0*g + 78, z = 3*g - 3*m - 84. Is g a prime number?
False
Let n(v) = v**3 - 10*v**2 - 13*v + 16. Let d be n(11). Let j = d - -10. Suppose j*u - 445 = -5*q, 2*u + 0 - 267 = -3*q. Is q a composite number?
False
Let f(b) = b + 1. Let m(t) = t**2 - 1. Let k(c) = 3*c**2 - 22*c + 6. Let p(n) = -k(n) + 5*m(n). Let y(u) = -5*f(u) + p(u). Is y(11) composite?
True
Let t = 2374 - 1157. Is t a composite number?
False
Let r(g) = 2*g**3 - 9*g**2 + 5*g + 61. Is r(15) prime?
True
Suppose 2*s - q - q = 8, -4*s - 5*q = -7. Suppose 2*b - 269 = -4*f - f, 0 = -s*b + 5*f + 366. Is b a composite number?
False
Let y(i) = 6*i + 21. Let r be y(-5). Let z(v) = -v**3 - 9*v**2 - 4*v + 22. Is z(r) a composite number?
True
Suppose -160*f + 21882 = -154*f. Is f a prime number?
False
Let f(h) = -2*h + 17. Suppose 3*j - 5*l - 2 + 6 = 0, -j + l + 2 = 0. Let t be f(j). Let d = t + 88. Is d prime?
False
Let i(l) = -l**2 + 5*l + 14. Let x be i(7). Suppose x = -3*v + 874 + 572. Is v composite?
True
Suppose 65*t + 90 = 66*t. Let c = t + 291. Is c composite?
True
Suppose -3*h - h = -12, -h + 18 = 3*c. Suppose -c*i + 1420 = -285. Suppose -x + 0*x = 2*y - 343, -3*y = x - i. Is x a composite number?
False
Let p(t) = 2116*t + 41. Is p(1) a composite number?
True
Is (-162)/(-1377) - (1195062/(-34) - 0) composite?
False
Let z(l) = 28*l**2 + 42*l - 23. Is z(19) composite?
False
Suppose 7991 + 2719 = 7*a. Is a/14 + -1 + (-25)/(-35) composite?
False
Suppose -4*m + 8 = 2*x, 0 = -2*x - 4*m + 8*m. Suppose -x*s + s - p + 508 = 0, 2*p + 2038 = 4*s. Is s prime?
True
Is -3 + (-42298)/(-10) + (-1)/(-5) composite?
True
Let b(s) = s**3 + 37*s**2 - 27*s + 53. Is b(-36) a composite number?
True
Let l(q) = 84*q + 15. Let k be l(9). Suppose 3*f - k - 906 = 0. Is f a composite number?
True
Is 7/(-21)*(4 + -1)*-6979 composite?
True
Let t = 46056 + -32501. Is t a prime number?
False
Let b(c) = 42*c**2 - c - 12. Suppose 3*u + 50 = -7*u. Is b(u) a prime number?
False
Let q = 51700 - 22949. Is q prime?
True
Is 11/(4 - 316335/79085) prime?
False
Is (-18)/(-63)*-14 - -1*63269 prime?
False
Suppose -13*z + 8846 = -44987. Is z composite?
True
Let d(b) = -b**2 - 3*b - 3. Let j be d(-3). Let t(u) = 14*u**2 - 2*u - 2. Let i be t(j). Suppose r - 3*z - i = 0, 3*r - 5*z + 13 = 399. Is r a prime number?
True
Let o = 1277 + 1926. Is 1/((5/20)/(o/4)) composite?
False
Let l = -147 + 4172. Suppose -733 - 277 = -u - a, -l = -4*u + a. Is u composite?
True
Suppose -3*x + 21*f + 44333 = 22*f, 3*x + 3*f = 44337. Is x a composite number?
True
Let t = 459 + 7810. Is t a composite number?
False
Suppose 90 = -4*c + 10. Is 4/(c/(-15255)) + -4 prime?
False
Let k(q) = 27*q**3 + 3*q**2 - 6*q - 41. Is k(10) a composite number?
True
Suppose -2*p = 14*p - 108848. Is p a composite number?
False
Suppose -13*l + 1841 = -5842. Is l composite?
True
Suppose -3*l + 9 = j - 53, -3*l + 70 = -j. Suppose 2*o - 4*w - l = 0, 0 = 3*o - w - 0*w - 13. Suppose o*g = 113 + 220. Is g a prime number?
False
Let b = 12 + -8. Suppose -2*p = -b*p + 4. Suppose 0*w = -p*w - 2*c + 312, -2*w = -c - 321. Is w prime?
False
Let x = -308 - -493. Is x prime?
False
Let p = 3735 + -2009. Suppose -p = -3*j + 2471. Is j composite?
False
Let l be 20/(-15) - (-2)/(-3). Is (3 + l)/((-55930)/(-11185) - 5) prime?
True
Let w(c) = 1191*c + 29. Is w(3) composite?
True
Let h be (4/20*0)/(-2). Suppose -2*y - 225 = -5*y + 4*c, 4*y - 5*c - 301 = h. Is y a prime number?
True
Suppose 9 = -4*y + 21. Suppose y*f - 4781 - 3376 = 0. Is f a composite number?
False
Let s be (-2835)/6 + (-3)/6 - -4. Let h = -60 - s. Is h prime?
True
Let j(q) = -q**2 + q + 1. Let w be j(2). Let v be 4 - (10 - (w + 4)). Is ((-10)/v)/(14/1281) a composite number?
True
Let i(p) = 141*p - 3. Let m be i(3). Suppose 5*a = -5*b + 1075, -a + 3*b = a - m. Let y = 424 - a. Is y a prime number?
True
Suppose 45*o - 46*o = r - 56364, r = 2*o + 56349. Is r a prime number?
True
Let o(j) = j + 4. Let p be o(-2). Suppose -p*t - 305 + 1707 = 0. Is t a composite number?
False
Let r = 45 - 39. Suppose n + 377 = 2*c, -c + r*c - 2*n = 941. Is c prime?
False
Suppose 2*q - 2880 = 2564. Suppose -7*m + q = -5*m. Is m a composite number?
False
Suppose -87 = -h + 26. Let l = h - -28. Suppose -2*s = -2*t + l + 315, -4*t + s + 927 = 0. Is t a prime number?
True
Let i be (-108)/(-9) + -2*1. Let n be (i/(-8))/((-3)/(-48)). Let u = n - -33. Is u composite?
False
Suppose -1 = k + 3, 2*k = 4*d - 2172. Is d composite?
False
Let y(x) = 1379*x**2 - 23*x - 23. Is y(-2) a composite number?
True
Let y(m) = -3*m + 76. Let f be y(25). Is (42/12 - 4)*(-6470)/f a prime number?
False
Let r be -5 + 5 + 1*28. Let m = r - 11. Is m/(-34)*-677*2 a composite number?
False
Let k be (-6 - -4) + 491/2*2. Suppose 0 = -3*u + 4*n + k, -6 - 6 = 4*n. Is u composite